{"id":952,"date":"2016-07-15T14:19:28","date_gmt":"2016-07-15T11:19:28","guid":{"rendered":"http:\/\/test.kriesi.at\/enfold-medical\/?page_id=952"},"modified":"2018-06-04T12:10:49","modified_gmt":"2018-06-04T09:10:49","slug":"servis","status":"publish","type":"page","link":"https:\/\/d.demirbagmakina.com\/?page_id=952","title":{"rendered":"Teknik Servis"},"content":{"rendered":"<div id='av-layout-grid-1'  class='av-layout-grid-container av-av_layout_row-75e9ceea773422d3be03848f3a0fe8c7 entry-content-wrapper main_color av-flex-cells  avia-builder-el-0  el_before_av_section  avia-builder-el-first   container_wrap sidebar_right'  >\n\n<style type=\"text\/css\" data-created_by=\"avia_inline_auto\" id=\"style-css-av-av_cell_one_half-5509a839a73df43fcbc5b8da9a28a99a\">\n.flex_cell.av-av_cell_one_half-5509a839a73df43fcbc5b8da9a28a99a{\nvertical-align:middle;\nheight:500px;\nmin-height:500px;\nbackground:url(https:\/\/d.demirbagmakina.com\/wp-content\/uploads\/2016\/07\/888490e5fa1a393d550fc275fc99b633.jpg) 50% 50% no-repeat scroll #22689e;\n}\n.responsive #top #wrap_all .flex_cell.av-av_cell_one_half-5509a839a73df43fcbc5b8da9a28a99a{\npadding:0px 0px 0px 0px !important;\n}\n<\/style>\n<div class='flex_cell av-av_cell_one_half-5509a839a73df43fcbc5b8da9a28a99a av-gridrow-cell av_one_half no_margin  avia-builder-el-1  el_before_av_cell_one_half  avia-builder-el-first  av-zero-padding avia-full-stretch' ><div class='flex_cell_inner'><\/div><\/div>\n<style type=\"text\/css\" data-created_by=\"avia_inline_auto\" id=\"style-css-av-av_cell_one_half-5c5ed6c1abb4eeade2d768bf0254a310\">\n.flex_cell.av-av_cell_one_half-5c5ed6c1abb4eeade2d768bf0254a310{\nvertical-align:middle;\nheight:500px;\nmin-height:500px;\nbackground-color:#22689e;\n}\n.responsive #top #wrap_all .flex_cell.av-av_cell_one_half-5c5ed6c1abb4eeade2d768bf0254a310{\npadding:80px 80px 80px 80px !important;\n}\n<\/style>\n<div class='flex_cell av-av_cell_one_half-5c5ed6c1abb4eeade2d768bf0254a310 av-gridrow-cell av_one_half no_margin  avia-builder-el-2  el_after_av_cell_one_half  avia-builder-el-last ' ><div class='flex_cell_inner'><p>\n<style type=\"text\/css\" data-created_by=\"avia_inline_auto\" id=\"style-css-av-av_heading-fb7593bceafb5676c92974823fa5e7ef\">\n#top .av-special-heading.av-av_heading-fb7593bceafb5676c92974823fa5e7ef{\npadding-bottom:25px;\ncolor:#ffffff;\nfont-size:34px;\n}\nbody .av-special-heading.av-av_heading-fb7593bceafb5676c92974823fa5e7ef .av-special-heading-tag .heading-char{\nfont-size:25px;\n}\n#top #wrap_all .av-special-heading.av-av_heading-fb7593bceafb5676c92974823fa5e7ef .av-special-heading-tag{\nfont-size:34px;\n}\n.av-special-heading.av-av_heading-fb7593bceafb5676c92974823fa5e7ef .special-heading-inner-border{\nborder-color:#ffffff;\n}\n.av-special-heading.av-av_heading-fb7593bceafb5676c92974823fa5e7ef .av-subheading{\nfont-size:15px;\n}\n\n@media only screen and (min-width: 480px) and (max-width: 767px){ \n#top #wrap_all .av-special-heading.av-av_heading-fb7593bceafb5676c92974823fa5e7ef .av-special-heading-tag{\nfont-size:0.8em;\n}\n}\n\n@media only screen and (max-width: 479px){ \n#top #wrap_all .av-special-heading.av-av_heading-fb7593bceafb5676c92974823fa5e7ef .av-special-heading-tag{\nfont-size:0.8em;\n}\n}\n<\/style>\n<div  class='av-special-heading av-av_heading-fb7593bceafb5676c92974823fa5e7ef av-special-heading-h3 custom-color-heading blockquote modern-quote  avia-builder-el-3  el_before_av_textblock  avia-builder-el-first  av-inherit-size'><h3 class='av-special-heading-tag'  itemprop=\"headline\"  >Teknik Servisimize Ho\u015f Geldiniz<\/h3><div class=\"special-heading-border\"><div class=\"special-heading-inner-border\"><\/div><\/div><\/div><br \/>\n\n<style type=\"text\/css\" data-created_by=\"avia_inline_auto\" id=\"style-css-av-av_textblock-0b24277fcb3157fd54563c4417ea17f7\">\n#top .av_textblock_section.av-av_textblock-0b24277fcb3157fd54563c4417ea17f7 .avia_textblock{\ncolor:#ffffff;\n}\n<\/style>\n<section  class='av_textblock_section av-av_textblock-0b24277fcb3157fd54563c4417ea17f7'  itemscope=\"itemscope\" itemtype=\"https:\/\/schema.org\/CreativeWork\" ><div class='avia_textblock av_inherit_color'  itemprop=\"text\" ><p>H\u0131zl\u0131, g\u00fcvenli ve Garantili \u00e7al\u0131\u015fmalar\u0131m\u0131z\u0131 yapt\u0131\u011f\u0131m\u0131z, hayat\u0131m\u0131z\u0131n b\u00fcy\u00fck b\u00f6l\u00fcm\u00fcn\u00fc ge\u00e7irdi\u011fimiz ortam\u0131m\u0131z i\u015fte buras\u0131! Burada\u00a0haval\u0131 somun s\u00f6kme \/ s\u0131kma, c\u0131rc\u0131r, matkap, z\u0131mpara\u00a0 k\u0131sacas\u0131 i\u00e7inden ak\u0131m ge\u00e7en her t\u00fcrl\u00fc elektronik cihaz\u0131 tamir edebilecek ekipman ve teknik personel var. i\u015fte bizi e\u015fsiz k\u0131landa bu.!<\/p>\n<\/div><\/section><\/p>\n<\/div><\/div><\/div><div id='av_section_1'  class='avia-section av-av_section-f3b48af71b91bf2a61ae5e24c0e5ddd8 main_color avia-section-huge avia-no-border-styling  avia-builder-el-5  el_after_av_layout_row  avia-builder-el-last  avia-bg-style-scroll container_wrap sidebar_right'  ><div class='container av-section-cont-open' ><div class='template-page content  av-content-small alpha units'><div class='post-entry post-entry-type-page post-entry-952'><div class='entry-content-wrapper clearfix'>\n<div class='flex_column_table av-av_one_third-e3e429ebfee9270bacd07d39407b38be sc-av_one_third av-equal-height-column-flextable'>\n<style type=\"text\/css\" data-created_by=\"avia_inline_auto\" id=\"style-css-av-av_one_third-e3e429ebfee9270bacd07d39407b38be\">\n#top .flex_column_table.av-equal-height-column-flextable.av-av_one_third-e3e429ebfee9270bacd07d39407b38be{\nmargin-top:-200px;\nmargin-bottom:0px;\n}\n.flex_column.av-av_one_third-e3e429ebfee9270bacd07d39407b38be{\n-webkit-border-radius:0px 0px 0px 0px;\n-moz-border-radius:0px 0px 0px 0px;\nborder-radius:0px 0px 0px 0px;\npadding:40px 40px 40px 40px;\n}\n<\/style>\n<div class='flex_column av-av_one_third-e3e429ebfee9270bacd07d39407b38be av_one_third  avia-builder-el-6  el_before_av_one_third  avia-builder-el-first  first no_margin flex_column_table_cell av-equal-height-column av-align-top '     ><\/div>\n<style type=\"text\/css\" data-created_by=\"avia_inline_auto\" id=\"style-css-av-av_one_third-fd24c32d759c3e290fe78efab639a8d9\">\n#top .flex_column_table.av-equal-height-column-flextable.av-av_one_third-fd24c32d759c3e290fe78efab639a8d9{\nmargin-top:-200px;\nmargin-bottom:0px;\n}\n.flex_column.av-av_one_third-fd24c32d759c3e290fe78efab639a8d9{\n-webkit-border-radius:0px 0px 0px 0px;\n-moz-border-radius:0px 0px 0px 0px;\nborder-radius:0px 0px 0px 0px;\npadding:40px 40px 40px 40px;\nbackground-color:#379cd6;\n}\n<\/style>\n<div class='flex_column av-av_one_third-fd24c32d759c3e290fe78efab639a8d9 av_one_third  avia-builder-el-7  el_after_av_one_third  el_before_av_one_third  no_margin flex_column_table_cell av-equal-height-column av-align-top '     ><p>\n<style type=\"text\/css\" data-created_by=\"avia_inline_auto\" id=\"style-css-av-av_font_icon-7c74e0c146c9dc5f9f72c82bf707640c\">\n.av_font_icon.av-av_font_icon-7c74e0c146c9dc5f9f72c82bf707640c{\ncolor:#ffffff;\nborder-color:#ffffff;\n}\n.av_font_icon.av-av_font_icon-7c74e0c146c9dc5f9f72c82bf707640c .av-icon-char{\nfont-size:60px;\nline-height:60px;\n}\n<\/style>\n<span  class='av_font_icon av-av_font_icon-7c74e0c146c9dc5f9f72c82bf707640c avia_animate_when_visible av-icon-style- avia-icon-pos-center avia-icon-animate'><span class='av-icon-char' aria-hidden='true' data-av_icon='\ue83c' data-av_iconfont='entypo-fontello' ><\/span><\/span><br \/>\n\n<style type=\"text\/css\" data-created_by=\"avia_inline_auto\" id=\"style-css-av-av_hr-a6de236e6c183bbbd700292deacd2b52\">\n#top .hr.hr-invisible.av-av_hr-a6de236e6c183bbbd700292deacd2b52{\nheight:20px;\n}\n<\/style>\n<div  class='hr av-av_hr-a6de236e6c183bbbd700292deacd2b52 hr-invisible  avia-builder-el-9  el_after_av_font_icon  el_before_av_textblock '><span class='hr-inner '><span class=\"hr-inner-style\"><\/span><\/span><\/div><br \/>\n\n<style type=\"text\/css\" data-created_by=\"avia_inline_auto\" id=\"style-css-av-av_textblock-0b24277fcb3157fd54563c4417ea17f7\">\n#top .av_textblock_section.av-av_textblock-0b24277fcb3157fd54563c4417ea17f7 .avia_textblock{\ncolor:#ffffff;\n}\n<\/style>\n<section  class='av_textblock_section av-av_textblock-0b24277fcb3157fd54563c4417ea17f7'  itemscope=\"itemscope\" itemtype=\"https:\/\/schema.org\/CreativeWork\" ><div class='avia_textblock av_inherit_color'  itemprop=\"text\" ><h4 style=\"text-align: center;\">Hizmetler<\/h4>\n<p style=\"text-align: center;\">Haval\u0131 El Aletleri<\/p>\n<p style=\"text-align: center;\">Haval\u0131 El Aletleri Teknik Servisi<\/p>\n<p style=\"text-align: center;\">Haval\u0131 Somun S\u0131kma \/ S\u00f6kme<\/p>\n<p style=\"text-align: center;\">Haval\u0131 C\u0131rc\u0131r Tamiri<\/p>\n<p style=\"text-align: center;\">Haval\u0131 Matkap Tamiri<\/p>\n<p style=\"text-align: center;\">Haval\u0131 Tornavida Tamiri<\/p>\n<p style=\"text-align: center;\">Haval\u0131 Z\u0131mpara Tamiri<\/p>\n<p style=\"text-align: center;\">Haval\u0131 Ta\u015flama Tamiri<\/p>\n<\/div><\/section><br \/>\n\n<style type=\"text\/css\" data-created_by=\"avia_inline_auto\" id=\"style-css-av-av_hr-363f03e0f6fc39b6eb684173f77e503c\">\n#top .hr.hr-invisible.av-av_hr-363f03e0f6fc39b6eb684173f77e503c{\nheight:8px;\n}\n<\/style>\n<div  class='hr av-av_hr-363f03e0f6fc39b6eb684173f77e503c hr-invisible  avia-builder-el-11  el_after_av_textblock  el_before_av_button '><span class='hr-inner '><span class=\"hr-inner-style\"><\/span><\/span><\/div><br \/>\n<div  class='avia-button-wrap av-av_button-425ad4981a1fccc8d8b60a5c568a480d-wrap avia-button-center  avia-builder-el-12  el_after_av_hr  avia-builder-el-last '><a href='https:\/\/d.demirbagmakina.com\/?page_id=954'  class='avia-button av-av_button-425ad4981a1fccc8d8b60a5c568a480d avia-icon_select-no avia-size-medium avia-position-center avia-color-light'  ><span class='avia_iconbox_title' >Randevu Al\u0131n<\/span><\/a><\/div><\/p><\/div>\n<style type=\"text\/css\" data-created_by=\"avia_inline_auto\" id=\"style-css-av-av_one_third-406fa21bad26a717d411eb98aac61e48\">\n#top .flex_column_table.av-equal-height-column-flextable.av-av_one_third-406fa21bad26a717d411eb98aac61e48{\nmargin-top:-200px;\nmargin-bottom:0px;\n}\n.flex_column.av-av_one_third-406fa21bad26a717d411eb98aac61e48{\n-webkit-border-radius:0px 0px 0px 0px;\n-moz-border-radius:0px 0px 0px 0px;\nborder-radius:0px 0px 0px 0px;\npadding:40px 40px 40px 40px;\n}\n<\/style>\n<div class='flex_column av-av_one_third-406fa21bad26a717d411eb98aac61e48 av_one_third  avia-builder-el-13  el_after_av_one_third  el_before_av_one_half  no_margin flex_column_table_cell av-equal-height-column av-align-top '     ><\/div><\/div><!--close column table wrapper. Autoclose: 1 -->\n<style type=\"text\/css\" data-created_by=\"avia_inline_auto\" id=\"style-css-av-av_one_half-d71a51a707c4656b37c9afbbd6138215\">\n.flex_column.av-av_one_half-d71a51a707c4656b37c9afbbd6138215{\n-webkit-border-radius:0px 0px 0px 0px;\n-moz-border-radius:0px 0px 0px 0px;\nborder-radius:0px 0px 0px 0px;\npadding:0px 0px 0px 0px;\n}\n<\/style>\n<div class='flex_column av-av_one_half-d71a51a707c4656b37c9afbbd6138215 av_one_half  avia-builder-el-14  el_after_av_one_third  el_before_av_one_half  first flex_column_div av-animated-generic bottom-to-top av-zero-column-padding column-top-margin'     ><p>\n<style type=\"text\/css\" data-created_by=\"avia_inline_auto\" id=\"style-css-av-av_heading-0f0071be83dea0daae6ed29f557d31c4\">\n#top .av-special-heading.av-av_heading-0f0071be83dea0daae6ed29f557d31c4{\npadding-bottom:20px;\nfont-size:34px;\n}\nbody .av-special-heading.av-av_heading-0f0071be83dea0daae6ed29f557d31c4 .av-special-heading-tag .heading-char{\nfont-size:25px;\n}\n#top #wrap_all .av-special-heading.av-av_heading-0f0071be83dea0daae6ed29f557d31c4 .av-special-heading-tag{\nfont-size:34px;\n}\n.av-special-heading.av-av_heading-0f0071be83dea0daae6ed29f557d31c4 .av-subheading{\nfont-size:15px;\n}\n\n@media only screen and (min-width: 480px) and (max-width: 767px){ \n#top #wrap_all .av-special-heading.av-av_heading-0f0071be83dea0daae6ed29f557d31c4 .av-special-heading-tag{\nfont-size:0.8em;\n}\n}\n\n@media only screen and (max-width: 479px){ \n#top #wrap_all .av-special-heading.av-av_heading-0f0071be83dea0daae6ed29f557d31c4 .av-special-heading-tag{\nfont-size:0.8em;\n}\n}\n<\/style>\n<div  class='av-special-heading av-av_heading-0f0071be83dea0daae6ed29f557d31c4 av-special-heading-h3 blockquote modern-quote  avia-builder-el-15  el_before_av_textblock  avia-builder-el-first  av-inherit-size'><div class='av-subheading av-subheading_above'><p>Teknik Servis Fiyatland\u0131rma<\/p>\n<\/div><h3 class='av-special-heading-tag'  itemprop=\"headline\"  >H\u0130ZMETLER\u0130M\u0130Z<br \/>\nF\u0130YATLANDIRMA \u0130LE GENEL B\u0130R BAKI\u015e<\/h3><div class=\"special-heading-border\"><div class=\"special-heading-inner-border\"><\/div><\/div><\/div><br \/>\n<section  class='av_textblock_section av-av_textblock-396ddf1f42196ca838231e61a4602801'  itemscope=\"itemscope\" itemtype=\"https:\/\/schema.org\/CreativeWork\" ><div class='avia_textblock'  itemprop=\"text\" ><p>Cihaz\u0131n\u0131z bize ula\u015ft\u0131\u011f\u0131 anda, gerekli t\u00fcm incelemeleri yap\u0131larak, size (m\u00fc\u015fteriye) ayr\u0131nt\u0131l\u0131 bilgi ve fiyatland\u0131rmas\u0131 yap\u0131lmaktad\u0131r. Daha sonras\u0131nda sizin iste\u011finize istinaden cihaz\u0131n\u0131z\u0131n tamir ve onar\u0131m\u0131 yap\u0131lmaktad\u0131r.<\/p>\n<\/div><\/section><\/p><\/div>\n<style type=\"text\/css\" data-created_by=\"avia_inline_auto\" id=\"style-css-av-av_one_half-93bea18e2ccb60552a17080633244dec\">\n.flex_column.av-av_one_half-93bea18e2ccb60552a17080633244dec{\n-webkit-border-radius:0px 0px 0px 0px;\n-moz-border-radius:0px 0px 0px 0px;\nborder-radius:0px 0px 0px 0px;\npadding:0px 0px 0px 0px;\n}\n<\/style>\n<div class='flex_column av-av_one_half-93bea18e2ccb60552a17080633244dec av_one_half  avia-builder-el-17  el_after_av_one_half  avia-builder-el-last  flex_column_div av-animated-generic bottom-to-top av-zero-column-padding column-top-margin'     ><p>\n<style type=\"text\/css\" data-created_by=\"avia_inline_auto\" id=\"style-css-av-av_heading-6d8fcf581c296c296d69e5343306a09f\">\n#top .av-special-heading.av-av_heading-6d8fcf581c296c296d69e5343306a09f{\npadding-bottom:20px;\nfont-size:34px;\n}\nbody .av-special-heading.av-av_heading-6d8fcf581c296c296d69e5343306a09f .av-special-heading-tag .heading-char{\nfont-size:25px;\n}\n#top #wrap_all .av-special-heading.av-av_heading-6d8fcf581c296c296d69e5343306a09f .av-special-heading-tag{\nfont-size:34px;\n}\n.av-special-heading.av-av_heading-6d8fcf581c296c296d69e5343306a09f .av-subheading{\nfont-size:15px;\n}\n\n@media only screen and (min-width: 480px) and (max-width: 767px){ \n#top #wrap_all .av-special-heading.av-av_heading-6d8fcf581c296c296d69e5343306a09f .av-special-heading-tag{\nfont-size:0.8em;\n}\n}\n\n@media only screen and (max-width: 479px){ \n#top #wrap_all .av-special-heading.av-av_heading-6d8fcf581c296c296d69e5343306a09f .av-special-heading-tag{\nfont-size:0.8em;\n}\n}\n<\/style>\n<div  class='av-special-heading av-av_heading-6d8fcf581c296c296d69e5343306a09f av-special-heading-h3 blockquote modern-quote  avia-builder-el-18  el_before_av_textblock  avia-builder-el-first  av-inherit-size'><div class='av-subheading av-subheading_above'><p>M\u00fc\u015fteri Hizmetleri<\/p>\n<\/div><h3 class='av-special-heading-tag'  itemprop=\"headline\"  >Her zaman m\u00fc\u015fteri memenuniyeti!<\/h3><div class=\"special-heading-border\"><div class=\"special-heading-inner-border\"><\/div><\/div><\/div><br \/>\n<section  class='av_textblock_section av-av_textblock-396ddf1f42196ca838231e61a4602801'  itemscope=\"itemscope\" itemtype=\"https:\/\/schema.org\/CreativeWork\" ><div class='avia_textblock'  itemprop=\"text\" ><p>Bizlere \u00e7al\u0131\u015fma saatleri i\u00e7erisinde s\u00fcrekli 0532 236 05 40\u00a0numaral\u0131 telefonumuzdan ula\u015fabilirsiniz. Dost ve yard\u0131msever m\u00fc\u015fteri hizmetleri temsilcisi arkada\u015flar\u0131m\u0131z, m\u00fcmk\u00fcn olan k\u0131sa s\u00fcrede, size s\u00fcrekli destek verecektir.<\/p>\n<\/div><\/section><\/p><\/div>\n<\/div><\/div><\/div><!-- close content main div --><\/div><\/div><div id='after_section_1'  class='main_color av_default_container_wrap container_wrap sidebar_right'  ><div class='container av-section-cont-open' ><div class='template-page content  av-content-small alpha units'><div class='post-entry post-entry-type-page post-entry-952'><div class='entry-content-wrapper clearfix'><\/p>\n","protected":false},"excerpt":{"rendered":"","protected":false},"author":1,"featured_media":0,"parent":0,"menu_order":0,"comment_status":"closed","ping_status":"closed","template":"","meta":{"footnotes":""},"class_list":["post-952","page","type-page","status-publish","hentry"],"_links":{"self":[{"href":"https:\/\/d.demirbagmakina.com\/index.php?rest_route=\/wp\/v2\/pages\/952","targetHints":{"allow":["GET"]}}],"collection":[{"href":"https:\/\/d.demirbagmakina.com\/index.php?rest_route=\/wp\/v2\/pages"}],"about":[{"href":"https:\/\/d.demirbagmakina.com\/index.php?rest_route=\/wp\/v2\/types\/page"}],"author":[{"embeddable":true,"href":"https:\/\/d.demirbagmakina.com\/index.php?rest_route=\/wp\/v2\/users\/1"}],"replies":[{"embeddable":true,"href":"https:\/\/d.demirbagmakina.com\/index.php?rest_route=%2Fwp%2Fv2%2Fcomments&post=952"}],"version-history":[{"count":26,"href":"https:\/\/d.demirbagmakina.com\/index.php?rest_route=\/wp\/v2\/pages\/952\/revisions"}],"predecessor-version":[{"id":1537,"href":"https:\/\/d.demirbagmakina.com\/index.php?rest_route=\/wp\/v2\/pages\/952\/revisions\/1537"}],"wp:attachment":[{"href":"https:\/\/d.demirbagmakina.com\/index.php?rest_route=%2Fwp%2Fv2%2Fmedia&parent=952"}],"curies":[{"name":"wp","href":"https:\/\/api.w.org\/{rel}","templated":true}]}}